2 (base 4) to base 9
5850
-5008 (base 12) to base 2
-10000111001000
Convert 100220021 (base 4) to base 5.
4134410
Convert -441113 (base 5) to base 15.
-4758
Convert -a37 (base 11) to base 12.
-882
3f6a (base 16) to base 15
4c24
What is -64 (base 10) in base 9?
-71
1212 (base 13) to base 8
4766
What is a477 (base 11) in base 8?
33066
786 (base 16) to base 5
30201
What is -2a20 (base 13) in base 2?
-1011111011110
Convert -3662 (base 9) to base 16.
-aa9
Convert 6332 (base 7) to base 3.
10001112
-160 (base 16) to base 6
-1344
Convert -110010011 (base 2) to base 3.
-112221
-80c4 (base 16) to base 3
-1200012220
Convert -1066 (base 8) to base 5.
-4231
Convert 4868 (base 11) to base 8.
14336
What is 2113a (base 11) in base 3?
1120012220
-11617 (base 11) to base 8
-40514
110402 (base 6) to base 14
3506
What is 1de5 (base 15) in base 14?
2535
Convert -40 (base 14) to base 9.
-62
What is 1078e (base 16) in base 12?
33066
What is 29 (base 15) in base 3?
1110
What is 11604 (base 8) in base 9?
6761
What is 8b3 (base 12) in base 16?
507
-9ca5 (base 14) to base 3
-1101022011
Convert 5fe (base 16) to base 15.
6c4
What is -ce6 (base 15) in base 6?
-21300
Convert -20414 (base 5) to base 11.
-1026
445 (base 7) to base 13
148
404241 (base 6) to base 13
11797
Convert a39 (base 14) to base 5.
31021
-1201 (base 9) to base 3
-1020001
What is -159 (base 15) in base 14?
-181
What is 13695 (base 12) in base 3?
1100220012
Convert 43d (base 16) to base 6.
5005
What is -624 (base 12) in base 11?
-741
22752 (base 8) to base 12
574a
What is -22312 (base 5) in base 8?
-3056
-9554 (base 10) to base 11
-71a6
Convert -8336 (base 9) to base 16.
-17dc
What is -7da (base 14) in base 12?
-aa4
-1424342 (base 5) to base 4
-13110110
What is 4340 (base 7) in base 11?
1187
-2420 (base 7) to base 12
-628
-a51a (base 12) to base 10
-18022
-604 (base 7) to base 14
-174
24c3 (base 16) to base 2
10010011000011
What is -220111001 (base 3) in base 11?
-12456
What is a121 (base 12) in base 4?
10100221
What is 8096 (base 15) in base 13?
c47a
Convert -12a (base 12) to base 3.
-20121
What is -4160 (base 7) in base 3?
-2000012
What is 483b (base 15) in base 13?
6cb3
What is 2303 (base 6) in base 7?
1404
301210 (base 4) to base 2
110001100100
What is 1000011111001100 (base 2) in base 15?
a479
-110110 (base 2) to base 5
-204
Convert -126006 (base 8) to base 4.
-22300012
-13110113 (base 4) to base 10
-29975
Convert -151150 (base 7) to base 4.
-13020313
861 (base 13) to base 4
112113
-61 (base 12) to base 13
-58
What is -23531 (base 6) in base 13?
-1747
What is -111111001110011 (base 2) in base 16?
-7e73
202302 (base 4) to base 5
32401
Convert 100001110101101 (base 2) to base 15.
5200
Convert 20452 (base 10) to base 15.
60d7
7f38 (base 16) to base 11
22518
Convert 304 (base 6) to base 7.
220
-1346 (base 13) to base 7
-11024
-3a7 (base 13) to base 15
-2ce
-83103 (base 9) to base 5
-3223014
Convert -2011100022 (base 3) to base 5.
-2330113
What is -c4 (base 16) in base 13?
-121
What is 2707 (base 10) in base 3?
10201021
What is 517 (base 9) in base 14?
221
What is 16443 (base 7) in base 5?
122221
575 (base 12) to base 6
3425
-1513 (base 6) to base 5
-3110
Convert 50370 (base 8) to base 12.
bbb4
Convert 20171 (base 8) to base 4.
2001321
Convert -111101011 (base 2) to base 4.
-13223
Convert 4245 (base 6) to base 8.
1705
Convert 91aa (base 12) to base 10.
15826
Convert -312a (base 11) to base 13.
-1b6c
-1c2 (base 15) to base 8
-627
Convert -287 (base 10) to base 14.
-167
What is -224 (base 14) in base 5?
-3144
Convert 235 (base 13) to base 4.
11332
What is 12ca4 (base 14) in base 8?
132500
-23363 (base 7) to base 14
-22a3
-111002202 (base 3) to base 16
-254f
Convert -1016 (base 14) to base 2.
-101011001100
What is -15987 (base 11) in base 7?
-122353
Convert -191 (base 10) to base 2.
-10111111
Convert 12233 (base 4) to base 11.
362
Convert 421 (base 11) to base 5.
4012
Convert 400132 (base 5) to base 10.
12542
3b (base 12) to base 14
35
c4b1 (base 13) to base 11
19473
-354 (base 7) to base 15
-c6
What is 29592 (base 10) in base 7?
152163
-28926 (base 10) to base 3
-1110200100
-1312023 (base 4) to base 15
-2393
Convert -3332402 (base 5) to base 11.
-3aa31
-5418 (base 13) to base 3
-121000200
Convert 29246 (base 11) to base 9.
63000
What is -1141 (base 9) in base 6?
-3531
Convert -1654 (base 11) to base 10.
-2116
Convert 138b (base 13) to base 3.
10212102
What is -1832 (base 10) in base 12?
-1088
What is 5d94 (base 14) in base 11?
11358
444 (base 9) to base 5
2424
465 (base 7) to base 11
201
What is 27362 (base 12) in base 15?
1104e
Convert -3075 (base 8) to base 11.
-1222
-b107 (base 12) to base 7
-106600
What is 5050 (base 7) in base 11?
1351
Convert 103323 (base 5) to base 13.
1830
1052 (base 8) to base 15
26e
-3125 (base 10) to base 14
-11d3
Convert aedf (base 16) to base 9.
67361
426 (base 11) to base 15
242
-101 (base 2) to base 8
-5
2203212 (base 4) to base 6
120250
What is 20211 (base 4) in base 7?
1413
What is 543 (base 15) in base 3?
1122000
What is 28a (base 15) in base 2?
1001000100
Convert 1a2 (base 12) to base 14.
150
3da (base 14) to base 3
1001220
What is 4478 (base 11) in base 12?
34b1
1087 (base 9) to base 4
30220
-120020212 (base 3) to base 2
-10101101110000
-26c8b (base 13) to base 7
-421134
What is 1032 (base 6) in base 11?
1a5
What is 182 (base 9) in base 16?
9b
What is 533 (base 11) in base 15?
2cb
Convert -2230311 (base 5) to base 10.
-39456
What is 241 (base 10) in base 3?
22221
What is -248 (base 16) in base 9?
-718
Convert -25d (base 15) to base 4.
-20122
What is -9281 (base 12) in base 9?
-23767
Convert 6a (base 13) to base 16.
58
-240 (base 15) to base 14
-286
What is 350323 (base 6) in base 4?
13103223
What is -1222100 (base 3) in base 10?
-1440
What is -1399 (base 15) in base 7?
-15141
-101010100 (base 2) to base 16
-154
What is -10121 (base 5) in base 8?
-1225
What is -6154 (base 7) in base 8?
-4142
What is -52404 (base 7) in base 8?
-31133
Convert -415 (base 9) to base 7.
-662
-22231 (base 5) to base 16
-61e
Convert 829 (base 11) to base 16.
3e7
-1011100000111000 (base 2) to base 8
-134070
What is 210 (base 7) in base 8?
151
Convert -201410 (base 7) to base 6.
-422052
What is -33250 (base 7) in base 15?
-272a
What is 702 (base 10) in base 11?
589
174241 (base 8) to base 14
192a5
Convert -103d3 (base 14) to base 12.
-1a819
Convert -1161 (base 11) to base 16.
-5ef
5336 (base 8) to base 16
ade
2204404 (base 5) to base 3
1221021021
199c1 (base 13) to base 9
75538
Convert 1107 (base 10) to base 14.
591
What is 111230 (base 5) in base 11?
2a62
What is 2332 (base 4) in base 11?
163
Convert -148c (base 14) to base 11.
-2820
What is 3a51 (base 15) in base 2?
11000010100011
Convert -189d (base 15) to base 12.
-30b7
10231 (base 6) to base 8
2553
-133 (base 12) to base 8
-267
101101110 (base 2) to base 14
1c2
-931 (base 11) to base 16
-463
21326 (base 10) to base 12
10412
7848 (base 9) to base 14
217d
What is -552 (base 6) in base 2?
-11010100
Convert -1730 (base 15) to base 4.
-1032003
-1522 (base 6) to base 7
-1124
What is -1101001010 (base 2) in base 9?
-1135
What is -2a640 (base 12) in base 5?
-3402124
-12202 (base 4) to base 2
-110100010
Convert 5268 (base 9) to base 13.
19b8
Convert -841 (base 15) to base 4.
-131011
Convert -3653 (base 8) to base 4.
-132223
Convert 234 (base 7) to base 16.
7b
137cb (base 14) to base 12
23a87
What is -30265 (base 9) in base 2?
-100110111000000
-330003 (base 5) to base 13
-5178
What is 26 (base 8) in base 6?
34
What is 123131 (base 7) in base 14?
83c1
What is -2726 (base 10) in base 12?
-16b2
Convert -22010332 (base 4) to base 8.
-120476
1661 (base 8) to base 7
2520
What is 10100111101100 (base 2) in base 9?
15644
Convert 102002 (base 3) to base 13.
1a0
1b0 (base 13) to base 9
376
Convert -11d (base 15) to base 4.
-3331
-a5f (base 16) to base 15
-bc0
-10000001001101 (base 2) to base 7
-33052
Convert 1310203 (base 4) to base 8.
16443
Convert -1307 (base 8) to base 9.
-870
What is -3298 (base 11) in base 4?
-1003312
What is 5b79 (base 12) in base 14?
3a8d
56770 (base 8) to base 2
101110111111000
What is -495d (base 14) in base 12?
-7507
-1c6b (base 13) to base 11
-3272
What is -6eb (base 16) in base 13?
-a63
Convert 53200 (base 9) to base 8.
104522
Con